232
In base 6, what is -2 - -21121?
21115
In base 7, what is -46 + -26?
-105
In base 13, what is -a - 24?
-31
In base 12, what is -3 - 233?
-236
In base 11, what is 9 + 161?
16a
In base 14, what is 18 - -1?
19
In base 4, what is -2 + -313?
-321
In base 12, what is -2 + 10b?
109
In base 3, what is -110211 - 2?
-110220
In base 2, what is 1001101 - -10110110?
100000011
In base 4, what is 3 + 1103?
1112
In base 16, what is 11 + e3?
f4
In base 2, what is -110111111 - 101?
-111000100
In base 11, what is 279 - -4?
282
In base 10, what is 1 + 224?
225
In base 7, what is -3 - 21?
-24
In base 9, what is 3 - 150?
-146
In base 4, what is 100012 - 1?
100011
In base 2, what is -1011000 - -11?
-1010101
In base 10, what is -258 - -2?
-256
In base 14, what is 19 + -24?
-9
In base 12, what is 5b44 - -4?
5b48
In base 9, what is 4 + 424?
428
In base 15, what is 2 + -3c8?
-3c6
In base 14, what is -5 - 1c?
-23
In base 12, what is -2 - -39?
37
In base 7, what is 1 + 312?
313
In base 6, what is -35040 + 4?
-35032
In base 9, what is 186 + -4?
182
In base 13, what is -2 + 38a0?
389b
In base 10, what is 1 - -654?
655
In base 2, what is 1110011111 + -11?
1110011100
In base 5, what is -22 - -1222?
1200
In base 15, what is 2 - -241?
243
In base 15, what is 1 + da8?
da9
In base 7, what is -1331 - -24?
-1304
In base 3, what is 1012 - -11?
1100
In base 2, what is -1000 - -100110100?
100101100
In base 11, what is 22a7 - 2?
22a5
In base 10, what is 2 + 3026?
3028
In base 10, what is -28773 + 2?
-28771
In base 6, what is -25 - -1003?
534
In base 6, what is -5 + -204?
-213
In base 6, what is -5 - -55?
50
In base 7, what is -5 - -3150?
3142
In base 14, what is -522 - 8?
-52a
In base 13, what is -c7b2 - 1?
-c7b3
In base 2, what is 1 - -1000001?
1000010
In base 9, what is -6 + 2?
-4
In base 2, what is 100 - -1000000?
1000100
In base 15, what is 5 - 1409?
-1404
In base 14, what is 2 + -26c4?
-26c2
In base 10, what is 8 + 319?
327
In base 16, what is 6 - -1397?
139d
In base 14, what is -2 - -91?
8d
In base 3, what is 1000 + -1000?
0
In base 5, what is 21122 + -3?
21114
In base 14, what is 1937 + -5?
1932
In base 9, what is -228 + 2?
-226
In base 13, what is -43 - -2?
-41
In base 5, what is 1 + -20?
-14
In base 5, what is -3 - -133?
130
In base 15, what is -82 - 0?
-82
In base 10, what is 9 + 33?
42
In base 9, what is -1224 - 1?
-1225
In base 5, what is -121 + 21?
-100
In base 6, what is 4 + 21545?
21553
In base 2, what is -10100 + 1011?
-1001
In base 5, what is -1 + -12?
-13
In base 6, what is -230 - 10?
-240
In base 7, what is 14 - -243?
260
In base 15, what is 3 - 100?
-ec
In base 10, what is -5 + -48?
-53
In base 16, what is 6 + -d?
-7
In base 16, what is -6 - -15a?
154
In base 7, what is 5 + 5?
13
In base 10, what is -8 + 33?
25
In base 11, what is 34 + 2?
36
In base 14, what is -27 - 1c?
-45
In base 4, what is -1231 - -11?
-1220
In base 7, what is -335 + -1?
-336
In base 14, what is -4 + 34?
30
In base 6, what is 1 + -2330?
-2325
In base 13, what is 1 - -2?
3
In base 11, what is 22a3 - -2?
22a5
In base 8, what is 1 - 6413?
-6412
In base 3, what is 12220 + -22?
12121
In base 13, what is 5 - -7a?
82
In base 13, what is 53a - -2?
53c
In base 10, what is -7 + 53?
46
In base 11, what is -2129 + -4?
-2132
In base 13, what is 71 - 16?
58
In base 13, what is -36 + 2?
-34
In base 14, what is -a3 - b?
-b0
In base 14, what is -7 - 30?
-37
In base 10, what is -5 + -988?
-993
In base 7, what is 116 - 50?
36
In base 7, what is 23 - -5?
31
In base 2, what is 0 + -111?
-111
In base 11, what is -2 - 899?
-8a0
In base 6, what is -1 + -14020?
-14021
In base 6, what is -1122 - -5?
-1113
In base 4, what is -30 - -3313?
3223
In base 10, what is -75528 + -1?
-75529
In base 14, what is 4 + 394?
398
In base 7, what is 46 - 16?
30
In base 15, what is 53 + -13?
40
In base 4, what is 10021 + 0?
10021
In base 3, what is 10 - 1210022?
-1210012
In base 2, what is 101001 + 11?
101100
In base 13, what is -190 + 1?
-18c
In base 5, what is -10 - 21?
-31
In base 10, what is -432 + -3?
-435
In base 6, what is -2 + 21?
15
In base 8, what is 11 - 4?
5
In base 5, what is -120 + 11?
-104
In base 8, what is -12746 + -3?
-12751
In base 16, what is -4a - 44?
-8e
In base 2, what is 11111 - -1011?
101010
In base 14, what is -1 + 80?
7d
In base 9, what is 1450 + 2?
1452
In base 5, what is 4140 - -10?
4200
In base 7, what is -1 + -602?
-603
In base 7, what is 2 - 6005?
-6003
In base 15, what is -2 + -8a?
-8c
In base 13, what is 60 - -1b?
7b
In base 11, what is 91 + 3?
94
In base 5, what is -140 + -2?
-142
In base 15, what is -37 - -3?
-34
In base 8, what is 0 - 1534?
-1534
In base 2, what is 1100101 + 10?
1100111
In base 7, what is 3 + -106?
-103
In base 6, what is 31 - -2?
33
In base 12, what is 2 - -14b?
151
In base 16, what is 5 - -47e?
483
In base 4, what is 103 + 210?
313
In base 10, what is 283 + -5?
278
In base 13, what is -81 - -4?
-7a
In base 3, what is -12 - -1000010?
222221
In base 4, what is -103202 + 0?
-103202
In base 11, what is 519 - -2?
520
In base 6, what is 142 + 0?
142
In base 13, what is 3 - -108?
10b
In base 6, what is -413 - 323?
-1140
In base 2, what is 101 + 1110011101?
1110100010
In base 12, what is 0 - 40?
-40
In base 13, what is 6024 + 1?
6025
In base 5, what is -133 + 0?
-133
In base 2, what is -101 + -1000100111?
-1000101100
In base 13, what is -2a - 0?
-2a
In base 11, what is -14 + -134?
-148
In base 9, what is 52 + 4?
56
In base 11, what is -14 + -17?
-30
In base 5, what is -4 + -42330?
-42334
In base 8, what is -363 - 17?
-402
In base 3, what is 100 - 22000?
-21200
In base 16, what is 3d5 + -2?
3d3
In base 14, what is 4 - 49?
-45
In base 13, what is -6 - 42?
-48
In base 4, what is -111 - 1010?
-1121
In base 8, what is -304 + 3?
-301
In base 4, what is 110 + -10333?
-10223
In base 7, what is 3331 - -1?
3332
In base 4, what is 11 - 11331?
-11320
In base 12, what is -3 + 128?
125
In base 14, what is -1d + 6?
-17
In base 16, what is dc4 - 1?
dc3
In base 5, what is -103 + -330?
-433
In base 6, what is 342 - -3?
345
In base 10, what is 21 + -13?
8
In base 5, what is -4 + 324?
320
In base 14, what is 27 - 3?
24
In base 16, what is d1 + -2?
cf
In base 7, what is -1 + -636?
-640
In base 6, what is 31243 - 3?
31240
In base 4, what is -132113 - -21?
-132032
In base 10, what is 20215 + -5?
20210
In base 16, what is -4 - b2?
-b6
In base 13, what is b75 + 8?
b80
In base 9, what is 0 + -115?
-115
In base 12, what is 72 - -86?
138
In base 14, what is -5c1 - -3?
-5bc
In base 8, what is 3231 + 6?
3237
In base 10, what is 5 - -648?
653
In base 16, what is 346 - 3?
343
In base 3, what is 200011 + -22?
122212
In base 13, what is -80 + c?
-71
In base 15, what is -3 + 31?
2d
In base 14, what is -3 - -559?
556
In base 15, what is 34 + 31?
65
In base 10, what is -456 + -5?
-461
In base 14, what is 4 - 4b?
-47
In base 15, what is 2 + 11b?
11d
In base 3, what is 1020200 - -22?
1020222
In base 12, what is -18 + -37?
-53
In base 2, what is -10101001011101 - 1?
-10101001011110
In base 3, what is 112101122 + -2?
112101120
In base 6, what is 0 - -124?
124
In base 4, what is 2321 + -31?
2230
In base 4, what is 2020213 - 2?
2020211
In base 10, what is 906 - -3?
909
In base 10, what is 5 + -42?
-37
In base 15, what is 4 - 344?
-340
In base 8, what is 16 - 200?
-162
In base 4, what is 20 - -200?
220
In base 14, what is 9 + 60?
69
In base 9, what is 41 - -36?
77
In base 12, what is 12a - -29?
157
In base 3, what is 11112201 + 12?
11112220
In base 11, what is -264 - -2?
-262
In base 4, what is -2 - -32103?
32101
In base 6, what is -301400 + -1?
-301401
In base 12, what is -12 + 3?
-b
In base 8, what is 265 + -2?
263
In base 6, what is 14 - 3404?
-3350
In base 3, what is 102 + 120?
222
In base 5, what is 1 + 40400?
40401
In base 16, what is -5b - -a?
-51
In base 5, what is 3413 + -2?
3411
In base 14, what is 152 - 19?
137
In base 6, what is 21020 - 4?
21012
In base 4, what is 0 + -203?
-203
In base 14, what is 29 - -c?
37
In base 7, what is 100 + 111?
211
In base 4, what is 10 + -331?
-321
In base 5, what is -1103 - 1?
-1104
In base 6, what is -215 - 4?
-223
In base 13, what is -162 - -2?
-160
In base 2, what is 1 + -1110110000000?
-1110101111111
In base 4, what is -10 + 113313?
113303
In base 4, what is 0 + -11232?
-11232
In b